n base 13, what is -36 - c49198?
-c49201
In base 2, what is -10000 - 1100100011111110011?
-1100100100000000011
In base 6, what is -125 + 300010?
255441
In base 3, what is -10222121121120 - 11112?
-10222121210002
In base 11, what is -681650 + 6?
-681645
In base 14, what is 6c0d + -122?
6acb
In base 11, what is -384 - 24588?
-24961
In base 11, what is -8a99 + -5638?
-13626
In base 15, what is -6c8 + -6a1?
-d79
In base 13, what is -1166a + -1cb3?
-13650
In base 11, what is -17197 - 3746?
-1a932
In base 6, what is 521204 + 434?
522042
In base 7, what is 153614 + 1223?
155140
In base 15, what is 2796 - -2763?
5009
In base 7, what is 2 - 34452015?
-34452013
In base 15, what is -22 - -10854d?
10852b
In base 3, what is -120002121 - -2220?
-112222201
In base 5, what is -33003 - 2004332?
-2042340
In base 3, what is 1000021102001 - 212121?
1000020112110
In base 5, what is 1003332243 - -231?
1003333024
In base 8, what is 172333664 + -1?
172333663
In base 11, what is -a34a8a57 + 5?
-a34a8a52
In base 12, what is 0 + 1743b933?
1743b933
In base 2, what is -10011101100101 + -1111111000000101?
-10010010101101010
In base 6, what is -2102322 - 3224?
-2105550
In base 16, what is -112a7b0 - 3?
-112a7b3
In base 7, what is -1146405 + -51?
-1146456
In base 4, what is 2010132 + 102322?
2113120
In base 6, what is 2503 - 1012?
1451
In base 11, what is -1a490323 - -9?
-1a490315
In base 2, what is -1001100000 - 1000011101001010?
-1000100110101010
In base 3, what is 10 - -11012212222120202?
11012212222120212
In base 12, what is -14 - 3b0a3?
-3b0b7
In base 14, what is 2 - cb6ac12?
-cb6ac10
In base 6, what is 12034 + -335014?
-322540
In base 11, what is 98996 + -145?
98851
In base 8, what is -1067 - 21532?
-22621
In base 4, what is -10 + 30332033330?
30332033320
In base 6, what is 202131 + -3241?
154450
In base 14, what is c0d0400 + 5?
c0d0405
In base 4, what is 130 - -30333001120?
30333001310
In base 13, what is 9c - 51c3?
-5124
In base 9, what is -23438 - -1085?
-22343
In base 15, what is -548e7067 - 2?
-548e7069
In base 6, what is -34220455331 - -2?
-34220455325
In base 5, what is -342010 + 32120?
-304340
In base 16, what is 1e + e62e12?
e62e30
In base 11, what is 5 + -a78510?
-a78506
In base 13, what is 1577b + -13b8?
14393
In base 8, what is 15615116 - -3?
15615121
In base 15, what is -109b82 - 209?
-109d8b
In base 7, what is 435 - -31532?
32300
In base 16, what is 1c2f - f?
1c20
In base 11, what is -7183a0 - -7?
-718394
In base 8, what is 20300114132 - -1?
20300114133
In base 3, what is -122122 - -11022001112?
11021101220
In base 14, what is -1507c244 - 4?
-1507c248
In base 13, what is 2c9 + -11132a?
-111031
In base 14, what is -a + -d92ab3?
-d92abd
In base 9, what is -2434620 - 12?
-2434632
In base 15, what is 122bd5 - -31?
122c16
In base 13, what is -2b53 - 7c16?
-aa69
In base 11, what is -14847 + 61a?
-14228
In base 9, what is -50 + -166810?
-166860
In base 2, what is 10001001 + 100000010101101100011?
100000010101111101100
In base 13, what is -52 - 1751c?
-17571
In base 8, what is -1232 + -220304?
-221536
In base 7, what is 13 - 50351?
-50335
In base 6, what is 1 + 10443111?
10443112
In base 2, what is -100100011100010 - -1101010?
-100100001111000
In base 12, what is -38a8ab9b + 3?
-38a8ab98
In base 3, what is 10 + 2011000100221?
2011000101001
In base 5, what is 14 + -344442411?
-344442342
In base 5, what is 12122202111 + -10?
12122202101
In base 3, what is 1012112201210201 + 12?
1012112201210220
In base 11, what is -7069 + 830?
-6339
In base 4, what is 1002132 + 323300?
1332032
In base 5, what is -110 - 14140412103?
-14140412213
In base 11, what is -12 - 4a31729?
-4a31740
In base 9, what is -1481111 + 12?
-1481088
In base 12, what is 1522 + -2bb4?
-1692
In base 11, what is -a28 - -512?
-516
In base 11, what is 7568 - -4436?
109a3
In base 3, what is -111 - -1201011200110200?
1201011200110012
In base 4, what is -1123301120 + 123?
-1123300331
In base 3, what is -10210201 - 1000212?
-11211120
In base 8, what is -50406 - -471?
-47715
In base 7, what is 45404034 - 4?
45404030
In base 10, what is 6 - 39003323?
-39003317
In base 11, what is 20514a15 + -4?
20514a11
In base 5, what is 1401342022330 + -10?
1401342022320
In base 16, what is -292f2 + 1aec?
-27806
In base 14, what is -4 + -19d7d4?
-19d7d8
In base 14, what is -4 - 9b49a8?
-9b49ac
In base 2, what is -1110111 - 10010000010010?
-10010010001001
In base 3, what is -211122 + 1022222000020?
1022221011121
In base 15, what is 16 - 1c11c?
-1c106
In base 3, what is 1000 - 202011011101012?
-202011011100012
In base 13, what is 274a1065 - -3?
274a1068
In base 5, what is 1313 + 2333404?
2340222
In base 14, what is b4db038 - -6?
b4db040
In base 11, what is a43 + 1407?
234a
In base 5, what is 30013 - 10033444?
-10003431
In base 12, what is -4 - 888996?
-88899a
In base 12, what is -5 - -220156?
220151
In base 12, what is 4208088 + -44?
4208044
In base 3, what is -122101002010121 + 12?
-122101002010102
In base 13, what is -9c003513 - 1?
-9c003514
In base 4, what is 20 + -1002011231132?
-1002011231112
In base 8, what is 2 + 276144632?
276144634
In base 16, what is -e207 + -1bc7?
-fdce
In base 9, what is 153016 - -24885?
178012
In base 7, what is -436212 + -100?
-436312
In base 15, what is 4a430 + 759?
4ab89
In base 9, what is 5 - -5615657?
5615663
In base 7, what is -15404541 + 6?
-15404532
In base 16, what is 14bea6 + 27?
14becd
In base 7, what is 2330014411 - -6?
2330014420
In base 16, what is -5 - 3276d?
-32772
In base 11, what is 11786 + -998?
10899
In base 3, what is 101000122021 - -2111?
101000201202
In base 4, what is 300011333101322 - -2?
300011333101330
In base 4, what is 2203231202 - 1?
2203231201
In base 11, what is -1657a4 + 9?
-165796
In base 10, what is -2 - 65581746?
-65581748
In base 5, what is 1 + -10210421102?
-10210421101
In base 12, what is b3a258 - -b?
b3a267
In base 9, what is -31483 - -612?
-30771
In base 6, what is -53153331 - -321?
-53153010
In base 7, what is 23630 + -2121?
21506
In base 4, what is -10211 + 10132211?
10122000
In base 7, what is 15361515 - -453?
15362301
In base 9, what is 1634557 - -7?
1634565
In base 14, what is -69 + -58ad?
-5938
In base 14, what is 131460 - 1d2?
13126c
In base 12, what is -26a520 + -213?
-26a733
In base 9, what is -413826606 - -6?
-413826600
In base 10, what is 0 + 116212623?
116212623
In base 11, what is -2 - 6498535?
-6498537
In base 11, what is 8782 - 15636?
-7964
In base 8, what is 11 + -3555411?
-3555400
In base 6, what is 512231500 + -240?
512231220
In base 3, what is 10 + 20221221211?
20221221221
In base 3, what is 10112111120 + -112001?
10111222112
In base 10, what is -136505234 - 1?
-136505235
In base 2, what is 1010110000001111100 - 100001111?
1010101111101101101
In base 6, what is 2135 + -10315354?
-10313215
In base 2, what is -1110110100000101 + 111110001?
-1110101100010100
In base 11, what is 1396355 - -4?
1396359
In base 16, what is -2 - -276ae05?
276ae03
In base 2, what is 10010101110110111110111 + -101?
10010101110110111110010
In base 3, what is 1111112222120120 - -2?
1111112222120122
In base 8, what is -3313767 + 41?
-3313726
In base 8, what is -1456 - 4571?
-6247
In base 12, what is -a221a9 - 13?
-a22200
In base 3, what is 1201 - -2222012202002?
2222012210210
In base 8, what is -1045573 + -1040?
-1046633
In base 13, what is -16652557 - a?
-16652564
In base 6, what is 3450125 + -1?
3450124
In base 4, what is 203322131 - 1301?
203320230
In base 15, what is 5aa73e - 51?
5aa6dd
In base 5, what is 10203 - 100103?
-34400
In base 16, what is -877 - 665?
-edc
In base 13, what is 2111b7 + -55?
211162
In base 6, what is 13124520 + 5?
13124525
In base 16, what is -3c30c + 23?
-3c2e9
In base 15, what is -3d - 70a9?
-70e7
In base 14, what is 654 + -d8?
55a
In base 6, what is 54 + 5112452?
5112550
In base 5, what is -2113402141 + -10?
-2113402201
In base 8, what is -12253654 + -5?
-12253661
In base 6, what is 10414523 - -1421?
10420344
In base 11, what is -5 + 62a7436?
62a7431
In base 15, what is -7b8 - -62c7?
5a0e
In base 16, what is 476e9 + -7a?
4766f
In base 8, what is -2220416 + -123?
-2220541
In base 6, what is -5 + -3142255103?
-3142255112
In base 3, what is -12 + 11222022121112102?
11222022121112020
In base 8, what is 1531260424 + 0?
1531260424
In base 10,